 common divisor of 1216 and 77064?
152
What is the greatest common divisor of 55968 and 4752?
528
What is the highest common divisor of 9538 and 38?
38
Calculate the greatest common divisor of 6061 and 91553.
319
What is the highest common factor of 768 and 3232?
32
What is the highest common factor of 254 and 4265803?
127
What is the highest common factor of 365068 and 1892?
44
Calculate the greatest common factor of 74916 and 108.
36
Calculate the greatest common divisor of 168 and 1200.
24
Calculate the highest common divisor of 912 and 13737.
57
Calculate the highest common factor of 5792 and 24.
8
What is the greatest common divisor of 36381394 and 238?
238
Calculate the highest common factor of 281624 and 26536.
856
What is the highest common factor of 1314 and 198?
18
Calculate the greatest common divisor of 2971140 and 12.
12
Calculate the greatest common divisor of 94 and 87279.
47
Calculate the highest common factor of 28 and 17549.
7
What is the greatest common factor of 90 and 9270?
90
Calculate the greatest common divisor of 286 and 1846.
26
Calculate the highest common divisor of 52 and 52078.
26
What is the highest common factor of 3212 and 11?
11
Calculate the highest common divisor of 75 and 2463.
3
Calculate the greatest common factor of 15496 and 227672.
1192
What is the highest common factor of 435 and 257259?
87
Calculate the highest common divisor of 85936 and 23288.
328
What is the highest common divisor of 21 and 86723?
7
Calculate the highest common factor of 121598 and 1865.
373
Calculate the highest common divisor of 725270 and 910.
910
What is the highest common divisor of 461706 and 966?
42
Calculate the highest common divisor of 195884 and 52.
52
Calculate the highest common factor of 6532 and 92.
92
Calculate the greatest common divisor of 180818 and 2.
2
What is the highest common divisor of 750261 and 1833?
141
What is the greatest common factor of 8020 and 3220?
20
What is the greatest common divisor of 1716 and 54626?
286
What is the highest common factor of 1056 and 1166?
22
What is the greatest common divisor of 3 and 153723?
3
What is the greatest common factor of 9215 and 8245?
485
What is the highest common factor of 217 and 62093?
31
What is the highest common divisor of 46 and 25070?
46
What is the greatest common divisor of 1422 and 261882?
18
What is the greatest common divisor of 937346 and 2907?
323
Calculate the highest common factor of 1270 and 57404.
254
What is the greatest common divisor of 14689 and 207631?
397
Calculate the highest common divisor of 450 and 774.
18
What is the highest common divisor of 282640 and 80?
80
Calculate the highest common divisor of 40113 and 18.
9
What is the highest common factor of 286 and 203866?
26
Calculate the highest common divisor of 779878 and 286.
22
What is the greatest common divisor of 172 and 152648?
4
Calculate the greatest common divisor of 1280 and 221120.
320
What is the highest common divisor of 841212 and 216?
108
Calculate the highest common divisor of 187 and 171275.
17
Calculate the highest common divisor of 13630 and 203.
29
What is the highest common divisor of 7979977 and 1193?
1193
Calculate the greatest common divisor of 5460 and 396.
12
What is the highest common factor of 1362566 and 92?
46
Calculate the greatest common factor of 5690 and 170.
10
What is the greatest common factor of 1974 and 51954?
42
What is the highest common divisor of 303 and 2672763?
303
What is the highest common factor of 125565 and 435?
15
Calculate the greatest common factor of 2022 and 78.
6
What is the highest common factor of 25 and 220525?
25
Calculate the highest common divisor of 35166 and 660.
6
Calculate the greatest common factor of 6636 and 105756.
84
What is the greatest common factor of 5668 and 32?
4
What is the greatest common divisor of 138 and 88366?
46
What is the greatest common factor of 3313383 and 786?
393
Calculate the greatest common factor of 220 and 83120.
20
Calculate the highest common divisor of 2053 and 3.
1
What is the greatest common factor of 19 and 16376?
1
What is the greatest common factor of 147250 and 4180?
190
What is the highest common divisor of 457600 and 52?
52
Calculate the greatest common factor of 20376 and 39672.
72
What is the greatest common divisor of 4719 and 242121?
363
Calculate the greatest common factor of 17050 and 33170.
310
What is the greatest common divisor of 1599056 and 139?
139
What is the greatest common divisor of 455136 and 33?
33
Calculate the greatest common divisor of 41150 and 50.
50
Calculate the highest common divisor of 353 and 2067521.
353
Calculate the greatest common divisor of 36330 and 1288.
14
Calculate the highest common factor of 6820 and 2332.
44
What is the highest common divisor of 404 and 1268?
4
What is the highest common factor of 34350 and 510?
30
What is the highest common factor of 616 and 176?
88
Calculate the greatest common factor of 32369 and 7.
1
What is the greatest common factor of 169938 and 108?
54
What is the highest common divisor of 2527 and 119?
7
What is the greatest common divisor of 6903 and 1888?
59
What is the highest common factor of 163496 and 12840?
856
Calculate the highest common divisor of 4257 and 72.
9
What is the greatest common divisor of 42084 and 310620?
2004
Calculate the greatest common divisor of 146946 and 1710.
114
Calculate the greatest common divisor of 284 and 27332.
4
Calculate the greatest common divisor of 2720 and 352.
32
Calculate the greatest common divisor of 1251663 and 133.
133
Calculate the highest common divisor of 28 and 825720.
28
Calculate the greatest common factor of 53750 and 86.
86
Calculate the greatest common divisor of 20 and 25940.
20
Calculate the greatest common divisor of 8316 and 125664.
924
Calculate the greatest common divisor of 1320660 and 460.
460
What is the greatest common divisor of 102 and 13719?
51
Calculate the highest common divisor of 199888 and 16016.
208
What is the highest common divisor of 18252 and 128102?
338
What is the highest common factor of 3066 and 9490?
146
Calculate the greatest common divisor of 4984 and 724549.
623
What is the highest common factor of 7625 and 95770?
305
Calculate the greatest common divisor of 6 and 79782.
6
Calculate the highest common factor of 7881 and 38961.
111
What is the highest common factor of 165 and 7710?
15
Calculate the greatest common factor of 240 and 1536.
48
What is the greatest common divisor of 481 and 416?
13
What is the highest common factor of 7585 and 3885?
185
Calculate the highest common factor of 119226 and 124.
62
What is the greatest common factor of 838077 and 28527?
771
What is the highest common divisor of 159 and 339359?
53
Calculate the highest common divisor of 450401 and 329.
329
What is the greatest common factor of 7824 and 283131?
489
Calculate the greatest common factor of 456 and 942.
6
Calculate the greatest common factor of 3565 and 12555.
155
Calculate the highest common divisor of 1925 and 57475.
275
What is the highest common factor of 4 and 849188?
4
What is the highest common divisor of 750 and 1185?
15
What is the greatest common divisor of 5135 and 3160?
395
What is the highest common factor of 52 and 598585?
13
What is the highest common divisor of 245922 and 697?
17
Calculate the highest common factor of 5667 and 240.
3
Calculate the highest common divisor of 994 and 540239.
497
Calculate the highest common factor of 24 and 17736.
24
Calculate the highest common factor of 11170 and 40.
10
What is the greatest common divisor of 116117 and 83?
83
What is the greatest common factor of 468 and 261?
9
Calculate the highest common factor of 26413 and 366.
61
What is the highest common divisor of 4445353 and 11?
11
What is the greatest common divisor of 3360 and 1514940?
420
What is the greatest common divisor of 1450 and 25172?
58
What is the greatest common divisor of 18 and 204480?
18
What is the highest common factor of 28325 and 495?
55
Calculate the highest common divisor of 363600 and 18.
18
Calculate the highest common divisor of 65 and 53716.
13
What is the greatest common divisor of 132300 and 55800?
900
What is the greatest common divisor of 68402 and 1426?
46
Calculate the greatest common factor of 689